 i(9). Let w = p - -35. What is the units digit of w?
4
Suppose -10*l + 258 = -4*l. What is the units digit of l?
3
Suppose -946 = -5*t + 6*x - 2*x, -3*t = x - 554. What is the hundreds digit of t?
1
Suppose 7 = -18*s - 11. Let d be (-9 - 1)*6/(-5). Let w = d - s. What is the tens digit of w?
1
What is the units digit of -4 + 10/((-70)/(-609))?
3
Suppose 0 = -g - 291 + 1. Let q = -445 - g. Let r = q + 225. What is the tens digit of r?
7
Let w(u) be the first derivative of -4 - 1/2*u**2 + 0*u**3 + 1/2*u**4 + 0*u. What is the units digit of w(1)?
1
Suppose 2*w - 5 = -1. Suppose -4*b = -h + 4, w*b = 5*h - 1 - 1. Suppose -4*x - 12 = n, -x + 3 = n - h*n. What is the units digit of n?
8
What is the units digit of (-9)/(27/(-3862)) + 8/(-6)?
6
Suppose -36 = -3*z - 4*k, 2*z - z + 2*k - 14 = 0. Let q be (-1)/(2*(-4)/z). What is the tens digit of q/3 + (-96)/(-9)?
1
Let n(i) = -9*i - 28*i**3 + 13*i + i**2 - 3*i**3 + 2*i**2 + 4. What is the tens digit of n(-2)?
5
Suppose -4*d + 6 = 2*o - 18, 3*d - 4*o - 29 = 0. What is the units digit of d?
7
Suppose 2*m = -5*l + 5*m + 435, 4*m = -4*l + 380. Suppose 0*g + l = 2*g. Let w = g - 29. What is the units digit of w?
6
What is the units digit of (-6 - (-95)/15)*2565?
5
What is the thousands digit of 7/((-42)/56*2/(-243))?
1
Let m(g) = 23*g**2 - 4*g - 7. Let j be m(-9). Suppose -j = -2*y - 6716. What is the units digit of 2/(-7) - y/63?
8
Suppose 3*b - 2*j + 8 = 0, -2*j - 13 = -2*b + 3*j. Let o(p) = p**3 + 6*p**2 - 5*p - 10. What is the units digit of o(b)?
0
Let l = 0 - 24. Let d be 6/(-5)*(-10)/(-3). What is the units digit of (-10)/d*l/(-20)?
3
Let h(c) = c - 7 - 4*c + 8*c**2 - c**3 + c - 3*c. Suppose -5*s + 10 = 3*r - 13, 5*r = -s - 13. What is the units digit of h(s)?
7
Let h(r) = -r**3 - 4*r**2 - 6*r - 3. Let v be h(-2). Let y(b) = b**3 + 8*b**2 - 12*b - 3. Let a be y(-9). Let p = a - v. What is the tens digit of p?
2
Let q be ((-85)/(-34))/(2/4). Let l be q + (-2 - -2 - 3). Suppose -3*r + d = -0*r - 169, l = d. What is the tens digit of r?
5
Let r be 2/1 + 4 + -261. Let z = r + 449. What is the hundreds digit of z?
1
Suppose 3*v - 1424 = -4*i, 3*v = 6*v - 2*i - 1412. What is the units digit of v?
2
Let b be 2/(1/27*-2). Let o(v) = 5*v + 25. Let w be o(-7). Let p = w - b. What is the units digit of p?
7
Let z(k) = 2*k**2 + 8*k + 26. Let m be z(-8). Let x = 152 - m. What is the tens digit of x?
6
Let l(v) = 4*v**2 - v - 6. Let a be (14/1)/(-1 + 3). Let h be l(a). Suppose -2*s + 0*s + 244 = 4*p, s - h = -3*p. What is the units digit of p?
1
Let c(p) = p**3 + 8*p**2 - 21*p + 1. Let j = 25 - 34. What is the hundreds digit of c(j)?
1
Let i be ((-2)/4)/(2/(-12)). Suppose -i*l + 3 = -0*l. What is the tens digit of 40 + (l + 1)*-2?
3
Let y = -21 - -49. Let o = -18 + 10. Let u = o + y. What is the tens digit of u?
2
Let a = 13 - 16. What is the tens digit of 44/6*(a - -6)?
2
Let p = -452 + 746. What is the units digit of p?
4
Let i(q) = -q**2 + 11*q + 6. Suppose 3*w = k + 98, -5*k - 35 = -2*w + 26. Suppose -4 = -2*j - m + 19, -2*j - 3*m = -w. What is the units digit of i(j)?
4
Let u(g) = 163*g + 1. What is the units digit of u(25)?
6
Suppose 113*s - 4004 = 109*s. What is the units digit of s?
1
Let z = 55 - 49. What is the tens digit of 67/(z/(-36) + (-2)/(-3))?
3
Suppose -2*y + 22 = -i + 3*y, -16 = 3*i - 5*y. Suppose -3 - 3 = -i*b. Suppose -b*x + 3*k + 19 = -37, -3*x + 4*k = -83. What is the units digit of x?
5
Suppose 5*u - 6850 = -5*z, 4*z - 5444 = u + 4*u. What is the tens digit of z?
6
What is the tens digit of 0/1 - (-6914 + 5)/7?
8
What is the units digit of 4411/4 - (35/4 - 9)?
3
Suppose 0 = -3*h + c + 3, -5*c - 4 = 11. Suppose g + 61 - 4 = h. Let t = g - -84. What is the tens digit of t?
2
Suppose 0 = y - 2, 2*s - 2*y - 437 = 93. What is the units digit of s?
7
Let q(x) be the second derivative of 8*x**3/3 - 5*x**2 - 7*x. What is the units digit of q(5)?
0
Let z = 78 + -66. Suppose -10*o + z*o = 226. What is the units digit of o?
3
Let p(c) = -c**2 - 6*c. Let v be p(-4). Suppose g = 3*z - v, -g + 3 = 4*z - 3. What is the units digit of 12*((-7)/g)/7?
6
Let l(i) = -i**2 + 3*i + 4. Let f be l(3). What is the units digit of f/(-1)*18/(-8)?
9
Let i = -2 - 3. Let h(p) = 1 - 3*p + 2 + 0 - 2*p. What is the units digit of h(i)?
8
Let x = -666 - -784. What is the hundreds digit of x?
1
Suppose -i - 117 = 2*j + 2*i, -1 = -i. Let z be 158/(-10) - (-7)/(-35). Let p = z - j. What is the tens digit of p?
4
Suppose 3*a - t + 62 = 0, -4*a + 0*t - t = 85. What is the units digit of (-6)/(-9) + (-364)/a?
8
Suppose -12 = -4*q, -2*o + 2 = -3*q - 15. Let i = -8 + o. Suppose -i*s + 22 + 8 = 0. What is the units digit of s?
6
Let o(r) = r**2 + 8*r - 6. Let i be o(-9). Suppose 0*n - 141 = 3*x + i*n, 0 = 2*x + 4*n + 98. What is the units digit of (x/(-12) + -3)*12?
9
Let v(i) = 8*i - 60. Let c be v(8). Suppose 0 = -5*w, 0 = -q - c*q + w + 455. What is the tens digit of q?
9
Suppose -3*r = -t + 20, -62 - 16 = -3*t + 3*r. Suppose i - 35 = -3*u, 0*i + 2*u = -5*i + 136. Let y = t - i. What is the units digit of y?
3
Suppose 0 = -2*o - 0*o. Suppose o = -2*i + 44 + 2. What is the units digit of i?
3
Suppose 0 = -3*v - 0*v - 93. Let h(f) = -f**2 + 7*f + 5. Let x be h(8). Let z = x - v. What is the tens digit of z?
2
Let l(a) = 63*a + 1 + 9 + 51*a + 0. What is the tens digit of l(1)?
2
Let l(h) be the third derivative of -h**4/24 - h**3/2 - 5*h**2. Let o be l(-6). Suppose x - 6 = o. What is the units digit of x?
9
Suppose 1 = -m + 4. Suppose m*g + 10 = 46. What is the tens digit of g?
1
Let d(p) = p + 2*p**3 - 3*p**2 - 121*p**3 + 26*p**3 + 4*p**2. What is the units digit of d(-1)?
3
Let d(f) = f - 7. Let r be d(4). What is the units digit of r/(12/(-20))*1?
5
What is the units digit of (-4636)/(-19) - 4/1?
0
Let o(f) = -4567*f**3 - 2*f**2 + 5*f + 5. What is the tens digit of o(-1)?
6
Let o = 1682 + -804. What is the tens digit of o?
7
Let h = -8 + 8. Suppose h = 9*r + 3 - 66. What is the units digit of r?
7
Let w(z) = -3*z - 1. Let g be w(-5). Suppose -18*j + 8 = -g*j. Suppose -49 = -r + j. What is the tens digit of r?
5
Suppose 5*x + 11 = 31. Suppose 70 = 3*b + 64. Suppose -b = -r - x*k + 19, -5*r = k - 86. What is the tens digit of r?
1
Let k(b) = -b**3 - 28*b**2 - 34*b - 142. What is the tens digit of k(-27)?
4
Let s = -5 - -8. Let w be (1/(-3))/(s/(-207)). Suppose y = 2*y - w. What is the tens digit of y?
2
Suppose 4*u - 3*n - 4038 = 0, 2086 + 1950 = 4*u - 2*n. What is the units digit of u/6 + (0 - -1)?
9
Let u(f) = 4*f**3 - 17*f**2 + 31*f - 47. What is the thousands digit of u(11)?
3
Let k(q) = -q**3 - 6*q**2 - 6*q + 6. Let t be k(-6). Let o = t - -38. Suppose -y + o = 4*y. What is the units digit of y?
6
Let h(v) = v**2 + 2*v + 8*v + 3*v - 8*v. What is the units digit of h(4)?
6
Let n(k) = k - 4. Let l be n(2). Let r be l/(-5) - 1640/(-25). Suppose -7*u + r = -4*u. What is the units digit of u?
2
Suppose 2 = -3*g + 8. Suppose -5*s - 81 = -g*w, -6*s + 3*s + 68 = w. What is the tens digit of w?
5
Let y = -113 + 392. Let i = -180 + y. What is the units digit of i?
9
What is the tens digit of (0 + 11)/(2/118)?
4
What is the units digit of (2001*1)/3 + 29 + -24?
2
Let t = 74 + -41. Suppose 35*b - 108 = t*b. What is the tens digit of b?
5
Suppose -2*l + 165 = -373. What is the tens digit of l?
6
Suppose 0 = 2*z + 5*v - 8*v - 538, 0 = -4*v + 16. What is the units digit of z?
5
Let p be 2/3*(-6)/(-4). Let u be p + (5 + -3)/(-2). What is the units digit of 4 + (2 + u - -26)?
2
Let n = 1628 + -596. What is the tens digit of n?
3
Let h = -22 + 25. Suppose 0 = -2*b - h*s + 17, 4*s - 6 = -2*b + 16. Suppose -b = -2*g + 17. What is the units digit of g?
9
Let h(n) = -2559*n**3 + 17*n**2 + 18*n + 2. What is the units digit of h(-1)?
0
Let r = -9 - -8. Let j be 1 + r*6/(-2). Suppose 3*q + 2*u = 72, -j*q + 121 = q + 3*u. What is the units digit of q?
6
Let c(o) = 7*o - 14 - 1 + 2 + 5 + 3*o**2. What is the tens digit of c(8)?
4
Let v = 3 + 19. Let c(x) = -x**2 - 20*x - 76. Let g be c(-12). Suppose 0 = 2*q - g - v. What is the tens digit of q?
2
Suppose -4*z + 5 = -z - u, -4*u = 20. Suppose -5*i + y + 155 = z, 6 = 3*y + 21. Suppose -2*a + i = -4*f, 2*a - 2 = -3*f + 7. What is the units digit of a?
9
Let a be 1 + 4 - 4 - -149. What is the units digi